Suppose j*m = -2*y + 5*y - 169, -2*y + 101 = -m. What is the tens digit of y?
4
Let h(c) = 2*c**2 - 9*c + 10. Let b(g) = 2*g - 6. Let a be b(5). Suppose -a*t = 5*y - 8*t - 47, 5*t - 6 = -3*y. What is the tens digit of h(y)?
4
Suppose -177*g - 21720 = -183*g. What is the tens digit of g?
2
Suppose 3*x - 2*x = 3*v - 52, -4*x + 115 = 5*v. Suppose -4 - 5 = l. Let b = l + v. What is the tens digit of b?
1
Suppose -12*a - 2394 = -13*a + 3*k, 3*k = -a + 2400. What is the thousands digit of a?
2
Let p(y) = 3*y**3 + y**2 + 2*y**2 + 2*y + 5 - 3*y**2 - 2*y**2. What is the tens digit of p(3)?
7
Suppose -b + 3 = 4*x, 1 = -2*x - 2*b + 7. Let z be ((-14)/(-4))/((-2)/(-4)). Suppose 0 = -2*a - 8, x = -d + 4*a - 3*a + z. What is the units digit of d?
3
Suppose -2*w - 4*v = -6302, 0 = 3*w + 6*v - 2*v - 9459. What is the hundreds digit of w?
1
What is the units digit of (-7 + (-46)/(-6))*1191/2?
7
Let m(h) = 5*h + 93. Let n(c) = -c - 18. Let x(t) = -2*m(t) - 11*n(t). Let w be (-4)/(-14) - (-2)/(-7). What is the units digit of x(w)?
2
Let b be 1396/(-7) - 8/14. Let u = -106 - b. What is the tens digit of u?
9
Let c(v) = -2*v. Let k be c(5). Let l be 8/k + 2784/30. Suppose 5*w + l = x, x - 6*x + 3*w = -416. What is the units digit of x?
2
Suppose 4*m - 5 = -3*c, 2*m = -2*m + 4*c + 12. Suppose m*i = -4*i + 54. What is the units digit of i?
9
Let r(h) = 3*h**2 - 2*h - 6. Let d(a) = -7*a**2 + 4*a + 13. Let p(n) = 2*d(n) + 5*r(n). What is the units digit of p(-2)?
4
Let u(x) = x + 32. Let n be 1 + -1 - 14 - 0. Let r be u(n). Suppose r = 2*j + 5*s, 24 = 5*j - s + 3*s. What is the units digit of j?
4
Suppose 3*g - 2 - 16 = 0. Let n(x) = -x**3 + 5*x**2 + 7*x - 8. Let a be n(g). What is the units digit of (a + (-20)/(-8))*18?
9
Let q(b) = b**2 + 6*b - 12. Let l be q(-9). Let m = l + 0. What is the tens digit of (123/9)/(5/m)?
4
Let z = 405 + 997. What is the tens digit of z?
0
Let t(g) = -g**2 - 9 + g + 4 + 5*g. Let q be t(5). Suppose 0 = 2*b + 3*u - 71 - 5, q = 4*b + 4*u - 160. What is the tens digit of b?
4
Let y = 301 - 116. Suppose -11*m = -6*m - y. What is the tens digit of m?
3
Let g = 85 + -100. What is the tens digit of (10/(-4))/(g/540)?
9
Let v = -446 + 811. Suppose 0 = 3*d + 14 - v. What is the units digit of d?
7
Let s be 102 + (-2)/(6/3). Let h = s + -56. What is the tens digit of h?
4
Let o = -39 + 41. Suppose -4*v - 108 = p - o*p, 0 = -4*v - 12. What is the units digit of p?
6
Suppose -121*q = -124*q + 828. What is the tens digit of q?
7
What is the thousands digit of ((35 - 1 - 1) + 4)*70?
2
What is the units digit of (-535)/((3 + -4)*7/14)?
0
Let s(u) = -u**2 - 21*u + 13. Let r(c) = c - 1. Let i(a) = 6*r(a) + s(a). What is the units digit of i(-11)?
1
Let y(t) = t**3 - 22*t**2 + 63*t - 55. What is the hundreds digit of y(20)?
4
What is the tens digit of (9 + -10)*1 + 1658?
5
Suppose -5 = -5*w + 5. Suppose -4*s = l - 12, 0*l - 3*l + 26 = w*s. Suppose -l*i + 450 = -2*i. What is the units digit of i?
5
Suppose 0 = -7*o + 24*o - 3043. What is the tens digit of o?
7
Let x(r) = -4*r + 10. Let i be x(5). Let d(q) = 3*q**2 + 18*q - 11. What is the hundreds digit of d(i)?
1
What is the units digit of (1212/8 + 3 - -1)*10?
5
Let q(i) = -i - 9. Let l = 5 + 3. Let r be q(l). Let m = 38 + r. What is the tens digit of m?
2
Suppose 119 + 137 = 2*n. Let d = n + -66. What is the units digit of d?
2
Let k = -1676 + 2874. What is the thousands digit of k?
1
Let w be (-41 + 48)*-3*1. Suppose 4*o - 24 = 76. Let p = w + o. What is the units digit of p?
4
Suppose 217*d + p - 19368 = 212*d, -d + 3*p = -3864. What is the tens digit of d?
7
Let v(g) = 3*g - 83. Let w(o) = o - 21. Let i(s) = 2*v(s) - 9*w(s). What is the tens digit of i(-6)?
4
Let o(v) = -5*v. Let h be o(-5). Let b = h - 6. What is the tens digit of b?
1
Let h(l) = 49*l - 74. What is the tens digit of h(10)?
1
What is the units digit of 3485 + (1440/(-12))/(-12)?
5
Let t(p) = p**3 + 10*p**2 + 5*p + 11. Suppose 2*l + 18 - 2 = 0. What is the units digit of t(l)?
9
What is the tens digit of ((-8376)/9)/(2/(-3))?
9
Suppose -4*m = -3429 + 673. Suppose -3*q + 301 = -m. Suppose 0 = 4*b - 0*b + 2*x - 262, q = 5*b + 2*x. What is the units digit of b?
8
Let m be 10*12/(-10)*2. Let b be m/(-8) - (0 - 2). Suppose -4*y = -b*y + 9. What is the units digit of y?
9
Suppose 2*r + z - 7 = -0*z, z = 3*r - 3. Suppose r*q = 64 + 16. What is the units digit of q?
0
What is the units digit of 3/(-4)*(3 + (-1771)/21)?
1
Let p(j) = j**2 + j - 29. Let h(f) = -f**3 + 3*f**2 + f - 1. Let m be h(4). What is the units digit of p(m)?
7
Let u = 43 - 40. Suppose 49 = -u*r + 268. What is the tens digit of r?
7
Let o = 22 + -14. Suppose -o*x + 4*x = -260. What is the tens digit of x?
6
Suppose -5*w + 145 = 2*y, -y + 3*y - 95 = 5*w. What is the hundreds digit of (3/(-2))/(y/(-6800))?
1
Suppose -j = 2*j. Suppose l - 3*l + 18 = j. Suppose l*r = -0*r + 495. What is the units digit of r?
5
Let s(n) = 3*n + 6. Let j be s(6). Suppose -4*i = -4*p + j, p + 2*i + i = -2. Suppose -113 = -3*d + 2*f, 3*d + p*f = 2*d + 47. What is the units digit of d?
9
Let b = 9 + -11. What is the tens digit of (b/(-4))/(1/112)?
5
Let y(o) = 560*o - 2. What is the hundreds digit of y(1)?
5
Let y = 884 - 504. What is the hundreds digit of y?
3
Let b = -4086 + 8763. What is the thousands digit of b?
4
Let y(t) = 68*t - 14. Let r(h) = -69*h + 15. Let n(c) = -4*r(c) - 5*y(c). What is the tens digit of n(-3)?
0
Suppose 5*u + 111 = 2*u. Let m = 6 - u. What is the tens digit of m?
4
Suppose -4*g + h = 0, -3*g + 4*g = h. Suppose g = -5*y + 198 + 147. What is the tens digit of y?
6
Suppose -n - 4816 = -4*h + 2796, 2*n = -h + 1903. What is the thousands digit of h?
1
Let p(a) = 5*a**2 - 3*a + 15. Let d(n) = 11*n**2 - 5*n + 30. Let v(s) = -4*d(s) + 9*p(s). What is the hundreds digit of v(14)?
1
Let m be -3*(0 - (0 - -3)). Let g be m + (0 - 2) - 2. Suppose 5 = 5*b - g. What is the units digit of b?
2
Let o = 2587 - 1676. What is the units digit of o?
1
Suppose -27 = 3*q - 4*q. Suppose -q*z = -23*z - 368. What is the units digit of z?
2
Suppose -3*t + 4*a = -a - 16, -2*t + 5*a = -14. Suppose t*p = -5*l + 89, l = 2*l - p - 22. What is the tens digit of l?
1
Let i(v) = v**2 + 8*v + 9. Let o be i(-7). What is the units digit of (o + -4)/2 + 26?
5
Let p be ((-8)/6)/((-9)/(-27)). Let t be ((-52)/(-12))/(p/(-72)). Suppose -f + t = 4*f - 2*z, 2*z = 4*f - 62. What is the units digit of f?
6
Let m = -6 + 32. Suppose d - 67 = m. What is the units digit of d?
3
Let r(t) = 4*t - 2 + 0*t + 8. Let w(p) = -3*p - 66. Let q be w(-24). What is the units digit of r(q)?
0
Suppose 7*d - 44 = 3*d - n, 2*n + 32 = 4*d. Suppose 15 = t - d. Suppose -5*a - 3*i = -140, i + t = -4*i. What is the tens digit of a?
3
Let s(x) = -17*x + 25. Let b be s(11). Let p = b - -289. What is the hundreds digit of p?
1
Suppose -p + 705 = 2*p + 3*z, 0 = p - 4*z - 260. What is the tens digit of p?
4
Let l = -159 - -69. What is the units digit of (l/1)/((-15)/20)?
0
Let c = 0 + -1. Let m(b) = -2*b - 3*b - 35*b**3 + 5*b. What is the units digit of m(c)?
5
Suppose -2*a - 105 = 5*n, 4*n = -0*a - a - 54. Let v be (-2)/(-6) - (-229)/(-3). Let k = a - v. What is the tens digit of k?
2
What is the units digit of (-540)/(-81) - (-1)/3 - -724?
1
Let w(z) be the first derivative of -3*z**2 + 5*z - 7. Let a be w(4). Let t = 37 + a. What is the units digit of t?
8
Let v(y) = -y**3 + 4*y**2 - 5*y + 5. Let j be v(3). What is the units digit of j - -6*1*8?
7
What is the hundreds digit of ((-318)/24)/((-6)/48)?
1
Let v be -6 + 7 + (-6 - 0). Let h(f) = -5*f - 14. What is the tens digit of h(v)?
1
Let b = -302 - -740. What is the hundreds digit of b?
4
Let j = 9 - 0. Suppose -5*c + j = -2*c. Suppose c*h = 14 + 19. What is the units digit of h?
1
What is the tens digit of (-1 - 18/(-16)) + (-26772)/(-96)?
7
Let t be ((-16)/(-56))/(1/7). Suppose -y + 7 = t. Suppose -4*x + 16 = -2*j, 5*j - y = 5*x - 20. What is the units digit of x?
5
Let k(s) = 3*s**2 + 7*s + 27. What is the units digit of k(12)?
3
Let u(l) = 99*l + 17. Let p(x) = 2*x**3 - x**2 + 1. Let b be p(1). What is the hundreds digit of u(b)?
2
Let g be (-8)/24*1*-6. Let p be (-3 + (g - -1))/(-1). Suppose -5*q + 4*q + 1 = p. What is the units digit of q?
1
Let j(o) = -2 + 0*o + 4*o + 22. Let y be